hat is n(-6)?
59
Let k(m) = -14*m**2. Give k(2).
-56
Let p(u) = u**3 + 3*u**2 + 2*u + 1. Calculate p(-4).
-23
Let y(x) = -8*x + 235. Determine y(29).
3
Let n(s) = 3*s**2 - 15*s + 4. What is n(6)?
22
Let h(c) = -8*c**2 + c - 4. Determine h(3).
-73
Let l(m) = m**3 - 38*m**2 - 38*m - 40. Calculate l(39).
-1
Let o(w) = -w**3 - 9*w**2 + 3*w + 4. Give o(-9).
-23
Let f(a) = 2*a + 39. Give f(-10).
19
Let v(s) = -9*s**2 - 2*s. What is v(-1)?
-7
Let u(h) = h**2 + 9*h - 13. Give u(-11).
9
Let z(n) = n**3 + 4*n**2 - 10*n - 20. Determine z(-2).
8
Let h(d) = 2*d - 119. What is h(60)?
1
Let y(v) = -v**3 + 4*v**2 - 2*v + 9. Determine y(4).
1
Let d(k) = -4*k**3 + k**2 + k - 2. What is d(2)?
-28
Let r(f) = -5*f - 5. Calculate r(-2).
5
Let z(p) = p - 6. Give z(5).
-1
Let i(j) = 48*j + 7. What is i(-1)?
-41
Let d(y) = -2*y + 38. Calculate d(17).
4
Let v(c) = c**2 + 8*c + 1. Give v(-2).
-11
Let t(s) = s**2 - 7*s - 12. Determine t(7).
-12
Let y(b) = -b**2 + 10*b + 5. Calculate y(11).
-6
Let l(b) = 2*b**3 - 3*b**2 + 9. Give l(-3).
-72
Let n(w) = -w**2 + 19*w - 25. Give n(18).
-7
Let o(y) = -11*y - 30. What is o(-11)?
91
Let j(o) = 3*o + 6. Give j(2).
12
Let q(y) = 7*y + 68. Determine q(-11).
-9
Let l(k) = -3*k - 83. Determine l(-17).
-32
Let q(d) = -4*d**2 - 122*d + 82. What is q(-31)?
20
Let t(d) = -d**3 + 13*d**2 - 26*d + 14. Determine t(11).
-30
Let t(w) = 2*w + 32. Give t(-12).
8
Let i(r) = -r**3 + 9*r**2 - 9*r. Calculate i(8).
-8
Let a(s) = s**2 - 18*s + 39. Calculate a(14).
-17
Let g(j) = -j**2 - j + 1. Determine g(0).
1
Let g(z) = -z**3 - 14*z**2 + 2*z + 34. What is g(-14)?
6
Let f(p) = p**2 + 34*p + 39. Calculate f(-35).
74
Let a(v) = -5*v**3 + 4*v + 3. Calculate a(-2).
35
Let k(r) = -r**2 - 8*r + 24. What is k(-9)?
15
Let q(u) = -u**2 - 13. Calculate q(0).
-13
Let s(b) = b**2 + 9*b + 12. Give s(-7).
-2
Let p(d) = -d**2 + 7*d + 2. What is p(7)?
2
Let o(g) = -3*g**2 - 27*g - 38. Determine o(-8).
-14
Let j(r) = r + 39. Give j(-17).
22
Let d(q) = 2*q + 38. Determine d(-16).
6
Let m(v) = v**2 + 8*v + 11. Give m(-9).
20
Let s(g) = 3*g - 18. What is s(8)?
6
Let s(b) = b**3 - 15*b**2 - b + 31. Give s(15).
16
Let k(d) = -7*d + 30. Determine k(14).
-68
Let i(y) = y**3 - 18*y**2 + 15*y + 12. Calculate i(17).
-22
Let j(g) = 16*g - 99. Give j(6).
-3
Let y(d) = 3*d**3 + 4*d**2 - 4*d + 2. What is y(2)?
34
Let o(x) = -5*x**2 - 3*x + 4. Determine o(3).
-50
Let l(m) = 2*m**2 + 3*m - 24. What is l(6)?
66
Let x(m) = 13*m + 14. Determine x(-2).
-12
Let l(m) = -3*m**2 - m. Calculate l(-1).
-2
Let b(o) = -12*o - 79. Give b(-7).
5
Let j(r) = -r**2 + 4*r + 6. Calculate j(8).
-26
Let m(d) = 2*d**2 + 5*d - 3. Give m(3).
30
Let y(n) = n + 7. Give y(-12).
-5
Let i(w) = -w**3 + 10*w**2 - 9*w + 8. What is i(9)?
8
Let q(r) = 2*r - 23. Determine q(4).
-15
Let j(z) = -15*z + 72. Calculate j(5).
-3
Let y(r) = -3*r**3 - 3*r**2 + 13*r + 7. Calculate y(-4).
99
Let y(c) = -7*c**2 - 1. Determine y(1).
-8
Let i(g) = -g**3 + g**2 + g - 5. Calculate i(0).
-5
Let b(p) = -2*p**2 + 3*p - 4. What is b(7)?
-81
Let u(r) = -r**2 + 4*r + 7. What is u(3)?
10
Let q(r) = -r**3 - 12*r**2 - r - 4. Give q(-12).
8
Let r(q) = -q - 9. What is r(11)?
-20
Let y(l) = 8*l**2 + 2*l + 1. Give y(-1).
7
Let n(m) = -m**2 + 11*m - 4. What is n(11)?
-4
Let i(b) = 2*b**2 + 83*b + 125. What is i(-40)?
5
Let p(y) = -y**3 - 6*y**2 + 8*y - 3. Determine p(-8).
61
Let g(p) = -4*p - 13. Determine g(-6).
11
Let y(o) = -8*o**2 + 4*o - 2. Give y(1).
-6
Let j(a) = 3*a + 7. Give j(-9).
-20
Let u(k) = -k**2 + 4*k + 21. Determine u(7).
0
Let a(v) = v**3 + 4*v**2 - v + 2. What is a(-4)?
6
Let s(l) = -4*l - 15. Determine s(0).
-15
Let t(m) = m**3 - 19*m**2 - 21*m + 6. Give t(20).
-14
Let t(l) = 2*l**2 + 22*l + 5. Determine t(-11).
5
Let l(z) = z**3 + 6*z**2 - z - 8. Calculate l(-6).
-2
Let z(r) = 5*r - 7. What is z(3)?
8
Let s(x) = x**3 - 25*x**2 + 29*x + 32. Give s(24).
152
Let x(t) = t**3 - t**2 + 5*t - 5. What is x(3)?
28
Let k(r) = 3*r - 59. Determine k(21).
4
Let c(z) = -z - 6. Calculate c(-4).
-2
Let y(z) = 3*z + 133. Calculate y(-42).
7
Let x(z) = 2*z - 3. Calculate x(-10).
-23
Let u(r) = -3*r + 21. Give u(10).
-9
Let o(n) = n**2 - 2*n - 4. Determine o(2).
-4
Let x(r) = r**2 + 15*r + 2. Determine x(-10).
-48
Let f(i) = -3*i - 15. What is f(-3)?
-6
Let b(m) = -14*m - 105. What is b(-9)?
21
Let h(y) = y**3 + 8*y**2 + 11*y + 16. Calculate h(-7).
-12
Let h(t) = -2*t**2 - 2*t + 1. Give h(-2).
-3
Let b(n) = -11*n**3 - 2*n**2 + n. Determine b(1).
-12
Let p(k) = 58*k + 393. Give p(-7).
-13
Let n(s) = -s**3 + 58*s**2 + s - 75. Calculate n(58).
-17
Let t(k) = 5*k + 6. What is t(-1)?
1
Let b(r) = -12*r**2 + 2. Give b(1).
-10
Let v(a) = 3*a - 4. What is v(8)?
20
Let b(y) = -3*y**2 - 2*y - 3. Calculate b(0).
-3
Let p(r) = r**3 + 4*r**2 - 7*r - 43. What is p(-3)?
-13
Let u(h) = 38*h**3 + 3*h - 1. Determine u(1).
40
Let m(k) = 12*k**2 + 155*k - 8. What is m(-13)?
5
Let a(p) = -p**3 + 7*p**2 - 4*p - 8. What is a(6)?
4
Let b(u) = 2*u - 1. Calculate b(-1).
-3
Let i(o) = 2*o + 37. Calculate i(-16).
5
Let d(q) = 12*q**2 + 5*q + 5. Determine d(-1).
12
Let j(w) = -8*w - 12. Calculate j(3).
-36
Let i(m) = 8*m**2 + 29*m - 13. Give i(-4).
-1
Let u(p) = -23*p**3 + p**2 - 2*p + 1. Determine u(1).
-23
Let d(n) = -2*n**2 - 2*n + 12. Calculate d(0).
12
Let t(o) = -o**3 - 9*o**2 - 6*o + 4. Give t(-8).
-12
Let v(n) = -n**2 - 3*n + 19. Determine v(-6).
1
Let f(x) = -x**2 - 3. Determine f(-5).
-28
Let u(t) = 2*t**2 + 47*t + 91. Determine u(-21).
-14
Let u(f) = -f**2 - 49*f - 78. What is u(-47)?
16
Let t(w) = w**2 + 11. Give t(0).
11
Let a(n) = n - 2. What is a(7)?
5
Let h(c) = 11*c - 106. Determine h(9).
-7
Let j(d) = -d - 2. Calculate j(-3).
1
Let i(g) = -g**2 - 23*g - 99. What is i(-19)?
-23
Let w(b) = b**3 + b**2 - b - 30. Determine w(0).
-30
Let n(s) = s**3 - 14*s**2 + 23*s - 10. Calculate n(12).
-22
Let t(l) = -l**3 + 4*l**2 - 3*l - 9. Determine t(4).
-21
Let h(g) = 2*g**3 + 30*g**2 + 32*g + 13. Give h(-14).
-43
Let g(c) = -c**3 + 4*c**2 + 15*c + 1. Give g(7).
-41
Let v(s) = s**3 - 9*s**2 + 11*s + 3. What is v(6)?
-39
Let b(v) = 13*v + 18. Calculate b(-3).
-21
Let i(o) = -o**3 + 17*o**2 + 2*o - 21. Give i(17).
13
Let h(p) = 24*p + 162. What is h(-7)?
-6
Let m(l) = 6*l**2 - l - 1. Determine m(4).
91
Let w(t) = 3*t - 26. Determine w(6).
-8
Let m(f) = -f**3 + 6*f**2 + 21*f - 31. What is m(7)?
67
Let i(x) = -8*x - 19. Calculate i(-3).
5
Let c(q) = -29*q - 293. Give c(-10).
-3
Let w(v) = v**2 + 19*v - 29. What is w(-20)?
-9
Let f(s) = -s**2 + 8*s + 3. Determine f(9).
-6
Let d(i) = -6*i - 3. Calculate d(-4).
21
Let p(h) = -h**2 - 12*h - 4. What is p(-7)?
31
Let x(q) = 5*q + 36. Determine x(-14).
-34
Let o(k) = -7*k**3 - 2*k**2 + 7*k - 6. Determine o(1).
-8
Let s(x) = -14*x - 86. Determine s(-6).
-2
Let v(y) = -2*y**2 + 13*y - 9. Calculate v(7).
-16
Let y(m) = m**3 + 2*m**2 - 9. Determine y(-5).
-84
Let a(f) = -f**3 - 5*f**2 + 11*f + 57. Determine a(-5).
2
Let v(n) = -6*n + 16. Give v(7).
-26
Let k(a) = -a**2 + 8*a + 50. Determine k(12).
2
Let k(p) = p**3 + 8*p**2 - 11*p + 7. Give k(-9).
25
Let q(f) = -f**3 + 23*f**2 - 21*f - 22. Calculate q(22).
0
Let g(j) = 6*j**3 - 5*j**2 + 3*j - 4. Determine g(2).
30
Let b(w) = -5*w + 36. Determine b(6).
6
Let m(f) = 2*f**2 - 16*f + 22. Calculate m(6).
-2
Let v(i) = 2*i**3 + 2*i**2 - i. Calculate v(1).
3
Let u(o) = -o**2 + 15*o - 47. Give u(7).
9
Let m(j) = j + 13. What is m(-8)?
5
Let s(d) = -d**3 - 4*d**2 + 2*d. Calculate s(2).
-20
Let r(k) = -11*k - 18. Determine r(-4).
26
Let c(g) = g**2 + 12*g - 8. What is c(-9)?
-35
Let h(r) = -2*r - 9. Determine h(-5).
1
Let i(g) = 11*g + 5. Determine i(-3).
-28
Let p(x) = -4*x**2 - 176*x - 5. What is p(-44)?
-5
Let y(p) = 3*p**3 - 145*p**2 - 97*p - 50. Determine y(49).
-1
Let s(o) = -o + 1. Give s(5).
-4
Let z(l) = -l**3 - 17*l**2 - 16*l - 1. Calculate z(-16).
-1
Let o(d) = d**3 + 11*d**2 - 14*d - 18. Determine o(-12).
6
Let c(l) = -l**2 + 4*l + 12. What is c(6)?
0
Let j(z) = 38*z - 347. Determine j(9).
-5
Let o(z) = z**3 - 6*z**2 + 2*z + 3. Calculate o(3).
-18
Let f(h) = -h**2 + 10*h - 9. What is f(6)?
15
Let x(l) = -l**3 - l**2 + 2*l - 6. Calculate x(-3).
6
Let y(l) = 24*l + 418. Give y(-18).
-14
Let d(r) = -9*r**2 + r + 3. Determine d(1).
-5
Let a(f) = f**2 - 14*f - 131. Determine a(-7